 n. Calculate the remainder when f is divided by 17.
14
Let t = -139 + 143. Suppose k = -5*x + 217 + 983, 0 = t*x - 3*k - 941. What is the remainder when x is divided by 20?
19
What is the remainder when (-20)/12*(-8028)/60 is divided by 115?
108
Let d(v) = -44*v + 352. Let m be d(8). Suppose m = 54*i - 58*i + 136. What is the remainder when 124 is divided by i?
22
Let r = -13685 - -14349. Calculate the remainder when r is divided by 28.
20
Let n(m) = m**3 - 7*m**2 - 15*m + 21. Suppose 192*i - 203*i = -110. Calculate the remainder when n(9) is divided by i.
8
Let l(x) = -15*x**2 + 126*x + 35. What is the remainder when 581 is divided by l(7)?
35
Let b = 375 + -341. Suppose -2*y + 36 = s, -y = 5*s - b - 2. What is the remainder when 158 is divided by y?
14
What is the remainder when 5169 is divided by ((-2)/8)/(4/64 - (-45)/(-360))?
1
Suppose -200*v + 248*v - 20041 = 3335. Calculate the remainder when v is divided by 160.
7
Let i(j) = 3*j**2 - j + 1. Let r = 11680 - 11540. Calculate the remainder when r is divided by i(5).
69
Suppose 4*w - 3*d + 23 = 6*w, 2*d = -w + 9. Calculate the remainder when 6478 is divided by w.
18
Let f(k) = 50*k**3 - k**2 - 701*k + 702. Calculate the remainder when f(1) is divided by (7/(-5) + 1)*-35.
8
Suppose -6 = -4*l + 26. What is the remainder when (((-3920)/105)/(-14))/(2/111) is divided by l?
4
What is the remainder when 2698 is divided by ((-5152)/(-276) - (-4)/3) + -1 + -1?
16
Let i(g) = -g**3 + 6*g**2 + 2*g + 7. Let d = 10 + -10. Suppose d*r + 6 = r. Calculate the remainder when i(r) is divided by 7.
5
Let m(u) = u**3 - 84*u**2 + 866*u - 79. What is the remainder when 253 is divided by m(72)?
58
Suppose -7 = 4*o + 3*i, 4*o + 7*i - 2*i = -9. Calculate the remainder when 118 is divided by ((-3)/(-9))/(o/(-51)).
16
Calculate the remainder when 656/((1/(84/(-72)))/(-3)) is divided by 121.
118
Let o = 17686 - 17600. Calculate the remainder when 7567 is divided by o.
85
Let f = -535 + 856. Let v = f - 279. Calculate the remainder when v is divided by 8.
2
Let m = -336 - -338. Calculate the remainder when 86 is divided by ((-446)/(-5))/m - (-104)/260.
41
Let f be (-2282)/(-18) + 28/126. Let b = -78 + f. Calculate the remainder when b is divided by 25.
24
Suppose 17 = -n + 45. Suppose 2*j - 6*z + 2*z = 36, j = -3*z + n. Let a = j - 16. Calculate the remainder when 21 is divided by a.
3
Let b = 166 + -107. Suppose 4*g - 49 = -3*c, 4*c - 30 = -g + 31. Calculate the remainder when b is divided by (6/c)/(-1) - (-486)/15.
27
Let c = 198 - 198. Suppose -31 = -c*p - p - 2*n, -n + 4 = 0. Calculate the remainder when p is divided by 12.
11
Let q(g) = g**2 - 18*g - 9636. What is the remainder when 6121 is divided by q(-104)?
17
Suppose 4*g + 67 = -5*i, i = g + 3 - 11. Let o = 24 + i. Calculate the remainder when o is divided by (-5 + (-12)/(-2))/(1/5).
3
Let g(x) = -4*x + 4. Let a be g(1). Suppose a = -b - 5, -4*b + 14 = -4*i + 62. What is the remainder when (90 - 79) + (0/1 - 1) is divided by i?
3
Let o = -190 + 188. What is the remainder when 8 is divided by 40/(-60)*o*18/8?
2
Suppose 3*s + 2*s + 20 = 0. Let t be 10/s - (4 + 56/(-16)). What is the remainder when 72 is divided by t + 0 + -3 + 21?
12
What is the remainder when 76 is divided by (-546)/(-455) + 54/5?
4
Let h = -346 + 502. Let j(f) = 58*f**2 + 5*f. Calculate the remainder when h is divided by j(-1).
50
Let z(a) = -4*a**3 - 5*a**2 - 4*a - 1. Let l(w) = -196*w**2 + 23*w - 6. Let o be l(2). Let h = o - -782. What is the remainder when z(-3) is divided by h?
36
Let w(z) = -3*z**2 + z - 1. Let m be w(-2). Suppose -168*v - 49 - 13 = 106. Calculate the remainder when (v*2 + m/(-10))*-44 is divided by 8.
6
Let r(w) = -38*w - 156. Let n be r(-17). Suppose 5*x + 3*s - 85 = 405, -5*x - s + n = 0. Calculate the remainder when x is divided by 9.
8
Let p = 25289 + -24476. Calculate the remainder when p is divided by 9.
3
Let k = 114 - -28. Suppose -75*t = -76*t + k. Let z = 36 - 0. Calculate the remainder when t is divided by z.
34
Suppose -284802*a = -284787*a - 2295. Calculate the remainder when 598 is divided by a.
139
Let w = -4073 + 4887. Calculate the remainder when w is divided by 160.
14
Let z = 12 + -16. Let s = 12 + z. Suppose s*f - 64 = 4*f. What is the remainder when 44 is divided by f?
12
Let f(v) = -4*v**2 + 146*v - 761. Let n = 302 - 76. Calculate the remainder when n is divided by f(30).
17
Let r be 1/2 + 49/14. Suppose -3*y - 2*f = -2*y - 18, 5*y = 2*f + 102. Suppose r*d = -0*d + y. Calculate the remainder when 21 is divided by d.
1
Suppose -231*n + 219*n + 3444 = 0. Suppose n = 10*q + 17. Calculate the remainder when 90 is divided by q.
9
Let x(s) = -2*s**3 + 27*s**2 + 21*s + 31. What is the remainder when x(14) is divided by 69?
60
Let w(t) = 3*t**2 - 9*t + 6. Let r = -51 - -54. Suppose -3*l + 74 = -5*p, 2*l - 52 = -0*l + 4*p. Calculate the remainder when l is divided by w(r).
0
Suppose 12*i - 2100 = -2*i. Let k = i - -86. What is the remainder when k is divided by 24?
20
Let m = -3368 + 3382. Suppose 0 = -13*g + 11*g + 26. Calculate the remainder when m is divided by g.
1
Let d(x) = -x**3 + 22*x**2 + 16*x - 14. Calculate the remainder when 1325 is divided by d(6).
9
Let w = 209 - 335. Let h = 134 + w. Calculate the remainder when 34 is divided by h.
2
Calculate the remainder when (11 + -20 - -7)/(1 + 226/(-222)) is divided by 61.
50
Suppose -5*o = 2*n + 1456 - 1510, 4*n + 102 = 5*o. Calculate the remainder when 24245 is divided by o.
11
Suppose -4*f + 1615 = -l, 2427*l - 2429*l = -10. What is the remainder when f is divided by 198?
9
Let b(c) = -11*c - 1. Let h = 4 + -10. Suppose 0*q + 17 = q. What is the remainder when b(h) is divided by q?
14
Suppose -4*n + 6*n - 34 = 0. Let y be (-1 + -50)*(-140)/42. Suppose 11*t = 643 - y. Calculate the remainder when t is divided by n.
9
Let r be ((-8)/14)/(12/(-42)). Suppose 3*p - p = b - 6, -6 = -r*p. What is the remainder when 273 is divided by b?
9
Let o = 23 + -22. Suppose -5*q + 3 = 8. What is the remainder when 90 is divided by o*115/((-5)/q)?
21
What is the remainder when 586 is divided by 57/15 - (64/(-40))/(-2)?
1
Let j = 9597 - 9430. What is the remainder when 2668 is divided by j?
163
Calculate the remainder when 2258 is divided by (-9)/27*355*-1 - (-116)/174.
116
Let l(z) = z**2 - 3*z - 15. Suppose 46*v - 245 = 11*v. What is the remainder when 175 is divided by l(v)?
6
Let x = -441 + 1513. Calculate the remainder when x is divided by 72.
64
Let f = -16391 - -16787. What is the remainder when 431 is divided by f?
35
Let d = 553 - 242. Calculate the remainder when d is divided by 124.
63
Calculate the remainder when 1376 is divided by 10*580/(-16)*(-108)/90.
71
Let r = 12645 + -12637. Calculate the remainder when 10781 is divided by r.
5
Suppose 5*q = 4*l + 4958, 5*q - 30*l + 29*l = 4967. What is the remainder when q is divided by 112?
98
Let d(p) = p**3 - 18*p**2 + 14*p - 96. What is the remainder when 3582 is divided by d(18)?
150
Suppose 0 = -6*q + 3*q + 2*c - 34, -5*c = 5*q + 40. What is the remainder when (1/2*82)/(-9 - q) is divided by 6?
5
Suppose 0 = -4*q + 3*z + 2183, -4*q + z + 1391 + 790 = 0. What is the remainder when q is divided by 43?
29
Suppose 0 = n - 4*l - 92, -274 = -4*l - 302. What is the remainder when 1400 is divided by n?
56
Suppose -4*d = -4*l - 13 + 1, 2*d + 4*l = 0. Suppose 4*t - 4*p + d*p - 284 = 0, -2*p + 373 = 5*t. What is the remainder when t is divided by 26?
21
Let n(f) = -21*f. Let d be (0 - 1 - 0) + 0. What is the remainder when n(d) is divided by 19/8 + (-2725)/(-4360)?
0
Let b be 1*15/(-15)*6*-1. Suppose 2*k + b*s - 8*s = 60, 0 = 2*k - s - 56. What is the remainder when 153 is divided by k?
23
Suppose -5*x + 14 = 2*y, 0*y = -3*x - 4*y + 14. Suppose -4*q + x*q = -280. What is the remainder when -1 + (-6 - -3)/((-6)/q) is divided by 35?
34
Let q(o) = -o + 9. Let l be q(8). Let j = -159724 - -159771. Calculate the remainder when j is divided by (-1 - l) + 36/2.
15
Let u(s) = -s**2 - 20*s + 1. Let b(i) = 5*i**2 + 5 + 4*i**2 - 8*i - 5*i**2. What is the remainder when u(-16) is divided by b(3)?
14
Suppose -124 = -2*u - 126, u + 31 = l. What is the remainder when 389 is divided by l?
29
Let c(y) = 61*y - 67. Let z be c(-11). Let s = z - -788. Calculate the remainder when 699